*n + k + z - 3, -4*n = 2*k - 36. Calculate the greatest common factor of 20 and n.
10
Suppose 4 = -k - 3*s, -k - 3 = -0*k + 4*s. Let c(p) = p + 9. Let j be c(k). Let x be j - ((-16)/1 + -2). What is the highest common factor of x and 10?
10
Suppose 4*f = 5 + 11. Calculate the highest common divisor of f and 2.
2
Let z = 16 - 13. Suppose -324 = -5*o + z*o. Calculate the highest common factor of o and 27.
27
Suppose 0 = -3*h + h, -5*h - 176 = -2*q. Calculate the highest common divisor of 11 and q.
11
Let d(l) = 7*l**2 - 16*l - 4. Let c(h) = -11*h**2 + 24*h + 6. Let k(u) = -5*c(u) - 8*d(u). Let g be k(6). What is the highest common divisor of 70 and g?
14
Let k(f) = 12*f + 2. Let y be k(1). Calculate the highest common divisor of y and 21.
7
Suppose -2*j + u - 16 = -3*j, 0 = 2*j + 5*u - 32. Let t = -8 + j. Calculate the highest common divisor of 64 and t.
8
Suppose -2*n - n = 0. Let v(y) = -y**2 - y + 12. Let i be v(n). Suppose -2*d + 228 = 4*f, -5*d + 5*f - 2*f = -531. What is the highest common factor of i and d?
12
Let c = -10 + -10. Let d be (-1)/(-5) - 76/c. Let k be (12/10)/(2/10). What is the greatest common divisor of k and d?
2
Let t be 20/(-2*4/(-16)). Let x be 3/((-2)/(-4) - -1). Suppose 0 = 3*s - 5*u - 15, -10 = -s - s - x*u. What is the highest common factor of s and t?
5
Suppose 3*n - g = 2*g - 75, 4*n = g - 103. Let j be 8/52 + (-490)/n. Calculate the greatest common factor of 19 and j.
19
Let r(j) = j**3 - 11*j**2 + 8*j + 13. Let q be r(10). Let c be 2/(-7) + (-65)/q. Calculate the highest common divisor of c and 18.
9
Suppose -4*p = 1 + 7. Let v(u) = 8*u - 1 + 3*u - 1 - 15*u. Let i be v(p). What is the greatest common divisor of i and 15?
3
Let o = 10 + 0. Let c be (-25)/o*32/(-5). What is the greatest common factor of c and 24?
8
Suppose -5*b - 2*z + 6 = -26, -36 = -3*b + 3*z. Let p be -1*13*14*-1. Let k = p + -126. Calculate the highest common divisor of b and k.
8
Let s(b) = 7*b**2 - 2*b - 1. Let o be s(-1). Calculate the highest common divisor of o and 8.
8
Let n be (10/5)/(3/60). What is the greatest common divisor of n and 24?
8
Let k = -3 - -12. Suppose 2*v = 2*o + 32, -k = -2*v + 4*o + 19. Let x be 2136/v - 1/(-3). What is the highest common factor of x and 17?
17
Suppose 3*j + 20 = -67. Let k = -9 - j. Let n be (3/6 - -1)*20. Calculate the greatest common divisor of n and k.
10
Let o = 6 - -3. Let j = 124 + -70. What is the greatest common divisor of o and j?
9
Suppose -2*s = 2*g - 0*g - 56, 2*s + 5*g = 68. What is the highest common factor of 16 and s?
8
Let c = 81 + -56. Suppose -2*q + 59 = -c. Calculate the greatest common factor of q and 6.
6
Let r(g) = 149*g + 5. Let j be r(1). What is the highest common factor of 14 and j?
14
Let u(p) = p**2 - 3*p + 1. Let c(f) = -f**2 + 3*f. Let q(y) = 5*c(y) + 4*u(y). Let s be q(3). Calculate the greatest common factor of 8 and s.
4
Suppose 3*h - 20 = -h. Suppose h = -2*s + s. Let c(a) = a**2 + a - 6. Let q be c(s). What is the highest common factor of 21 and q?
7
Suppose -24*w + 16*w = -608. What is the highest common factor of w and 38?
38
Let o(s) = -s**2 + 8*s - 5. Suppose 5*y - 5*f = 60, -4*y + 5*f + 38 = -15. Let d be o(y). What is the greatest common divisor of 3 and d?
1
Let r(v) = -3 - 3*v + 3 + 1. Let z be r(-1). Suppose -2*g + 3 = -5*j, z*j + 4*g - 24 = -4. What is the greatest common factor of j and 2?
1
Let o = 402 + -211. Let k = -95 + o. Suppose -q + 3*p + 34 = 0, 0*q = -4*q + 4*p + k. Calculate the highest common divisor of q and 19.
19
Let b be (252/14)/(2 + -1). Calculate the highest common factor of b and 90.
18
Let t(r) = -7*r**2 + 11*r - 12. Let q be t(-10). Let w be (q/9)/((-4)/6). Let f = -74 + w. What is the greatest common divisor of 7 and f?
7
Let i be 4/(-18) - 666/(-81). Calculate the highest common factor of 56 and i.
8
Let g = 179 - 257. Let n = -30 - g. What is the highest common factor of 6 and n?
6
Let u(r) = 5*r + 12. Let g be u(6). What is the highest common factor of g and 63?
21
Let z = -18 + 12. Let p = z + 9. Calculate the greatest common divisor of 6 and p.
3
Suppose -3*g + 0*g = 5*h - 85, -2*g + 52 = h. Let t = 8 - -2. What is the highest common divisor of t and g?
5
Suppose -2*f = 10 - 0, 5*o - 95 = 3*f. Calculate the greatest common divisor of 112 and o.
16
Let g = -5 - -10. Let q(k) = -k**2 - 5*k - 1. Let r be q(-2). Calculate the highest common factor of r and g.
5
Suppose 0*z = -z. Suppose -5*m + 2*m - x + 35 = z, -3*m - 5*x = -55. Calculate the greatest common factor of m and 110.
10
Let g = 80 + -40. Calculate the highest common factor of g and 320.
40
Suppose 3*r = 6*r - 48. Suppose -4 = -m - l, -l + 4 = l. Let j be (3 - m) + r + 3. Calculate the greatest common factor of j and 60.
20
Suppose 2*q + 0*q = 10. Suppose 0*m - 385 = -q*m. Calculate the greatest common factor of m and 7.
7
Suppose 0*x = x - 6. Let i be (-33)/x*4 + 1. Let d = 35 + i. What is the greatest common factor of 2 and d?
2
Suppose 3*r = -2*n + 55, -2*n = -0*r - r + 13. Calculate the greatest common factor of 68 and r.
17
Suppose 0 = 3*y - 10 - 2. Let l = y - -6. Calculate the highest common factor of 5 and l.
5
Let m(u) = -89*u - 1. Let k be m(-1). Let h = -9 + 5. Let c = h + 12. What is the greatest common divisor of c and k?
8
Let h = 11 - 7. Let t be (-4)/6 + (-14)/(-3). Calculate the greatest common factor of t and h.
4
Suppose 4*u = -u. Suppose 0 = 5*k - j - 312, 4*k = 3*j - u*j + 243. Let g(i) = -i**2 + 9*i + 9. Let x be g(9). Calculate the greatest common divisor of x and k.
9
Suppose -d - 2*d = -30. Suppose m - 8 = 2. Calculate the highest common factor of d and m.
10
Suppose -4*r = -2*r - 156. Calculate the greatest common divisor of 6 and r.
6
Let n = -146 + 191. Calculate the greatest common divisor of n and 5.
5
Suppose -l = 8*l - 72. What is the highest common divisor of 32 and l?
8
Let v be (-4)/(1 - 2) - -72. What is the greatest common divisor of 38 and v?
38
Suppose -3 + 366 = 3*x. What is the greatest common factor of x and 11?
11
Suppose 0 = -u - 9 + 11. Suppose 2*w - u*y - 34 = 0, y = -w + 5*y + 20. What is the greatest common divisor of 112 and w?
16
Let j be 3*-1 - (-9 - -7). Let q be 17 - j - 1*2. What is the highest common divisor of 4 and q?
4
Let p = 0 - -1. Let z be (p - -2)*(2 - -4). What is the greatest common factor of 18 and z?
18
Let z be (-2)/(-4)*(8 - 10) + 172. Calculate the greatest common divisor of z and 9.
9
Suppose -2*m + m - 2*j + 11 = 0, 3*j = -2*m + 23. Calculate the highest common factor of 1 and m.
1
Suppose -j - 1 = 0, 0 = 4*o - o - 2*j - 17. Suppose 5*u + w = 500, w = u - o*u + 401. Calculate the greatest common divisor of 9 and u.
9
Suppose -3*w = -4*c + 123, 0 = 5*c - w + 4*w - 120. Suppose -6*m + c = -3*m. What is the highest common divisor of m and 36?
9
Let q = 5 - -1. Let r(m) = m**3 - 5*m**2 - 5*m + 6. Let u be r(q). Calculate the greatest common factor of 24 and u.
12
Let d be (-5)/((-10)/8) + 7. Suppose 3*m = 2*m + 22. Calculate the greatest common divisor of m and d.
11
Suppose 5*v = 2*v + 15. Let c = 10 - v. Suppose 37 = 2*x - c. Calculate the highest common divisor of 7 and x.
7
Let r = -12 - -18. Suppose -17 = -3*n + 19. What is the greatest common divisor of n and r?
6
Suppose -5*w + 169 = -406. Suppose 4*z + 84 = 4*c + 8*z, 3*z - w = -5*c. What is the highest common divisor of c and 65?
13
Let c(t) = 6*t**2 + 7*t. Let y be c(-5). Let n be (3036/198)/(4/6). What is the greatest common divisor of n and y?
23
Suppose 1 + 2 = 3*o. Let f be 11/2 - o/2. Calculate the highest common divisor of 35 and f.
5
Suppose -6*q + 8 = -2*q. Let a be 2*(0 - (-17)/q). What is the highest common factor of 187 and a?
17
Let w = 0 - 1. Let n = w - -3. Calculate the highest common divisor of 2 and n.
2
Let p(v) = -v**3 + 3*v**2 + 7*v. Let u be p(5). Let i = -9 - u. Calculate the highest common divisor of 30 and i.
6
Suppose 90 = -0*l + 2*l. What is the highest common factor of l and 18?
9
Let u = 68 - 66. Calculate the highest common factor of 2 and u.
2
Let r(g) = 16*g**2 - 7*g + 10. Let v be r(2). Calculate the greatest common divisor of 30 and v.
30
Let y be (3 + (-21)/6)*-6. What is the highest common divisor of 15 and y?
3
Let d(s) = 2*s**2 + 3*s + 1. Let p be d(3). Let f be 1421/p - 2/(-8). Let o = -36 + f. Calcula